{"id":2447,"date":"2021-01-21T11:35:07","date_gmt":"2021-01-21T11:35:07","guid":{"rendered":"https:\/\/www.lurdesnarciso.com\/produto\/mero-epinephelus-marginatus\/"},"modified":"2022-10-20T11:31:35","modified_gmt":"2022-10-20T11:31:35","slug":"mero-epinephelus-marginatus","status":"publish","type":"product","link":"https:\/\/www.lurdesnarciso.com\/es\/producto\/mero-epinephelus-marginatus\/","title":{"rendered":"MERO AMARILLO (Epinephelus marginatus)"},"content":{"rendered":"<p><strong>Arte de pesca principal:<\/strong> hilo de mano.<\/p>\n<p><strong>Estado de conservaci\u00f3n:<\/strong> si bien la captura de meros por pesca submarina est\u00e1 prohibida por la legislaci\u00f3n regional desde 1983, el estado de conservaci\u00f3n de la especie en la regi\u00f3n suscita cierta preocupaci\u00f3n.<\/p>\n<p><strong>Ficha t\u00e9cnica: <a href=\"https:\/\/www.lurdesnarciso.com\/wp-content\/uploads\/2021\/01\/Ficha-tecnica-Mero.pdf\">Ficha t\u00e9cnica (Mero)<\/a><\/strong><\/p>\n","protected":false},"excerpt":{"rendered":"<p>Arte de pesca principal: hilo de mano. Estado de conservaci\u00f3n: si bien la captura de meros por pesca submarina est\u00e1 prohibida por la legislaci\u00f3n regional desde 1983, el estado de conservaci\u00f3n de la especie en la regi\u00f3n suscita cierta preocupaci\u00f3n. Ficha t\u00e9cnica: Ficha t\u00e9cnica (Mero)<\/p>\n","protected":false},"featured_media":4074,"template":"","meta":[],"yoast_head":"<!-- This site is optimized with the Yoast SEO plugin v15.4 - https:\/\/yoast.com\/wordpress\/plugins\/seo\/ -->\n<meta name=\"robots\" content=\"index, follow, max-snippet:-1, max-image-preview:large, max-video-preview:-1\" \/>\n<link rel=\"canonical\" href=\"https:\/\/www.lurdesnarciso.com\/es\/producto\/mero-epinephelus-marginatus\/\" \/>\n<meta property=\"og:locale\" content=\"es_ES\" \/>\n<meta property=\"og:type\" content=\"article\" \/>\n<meta property=\"og:title\" content=\"MERO AMARILLO (Epinephelus marginatus) - Lurdes Narciso, LDA\" \/>\n<meta property=\"og:description\" content=\"Arte de pesca principal: hilo de mano. Estado de conservaci\u00f3n: si bien la captura de meros por pesca submarina est\u00e1 prohibida por la legislaci\u00f3n regional desde 1983, el estado de conservaci\u00f3n de la especie en la regi\u00f3n suscita cierta preocupaci\u00f3n. Ficha t\u00e9cnica: Ficha t\u00e9cnica (Mero)\" \/>\n<meta property=\"og:url\" content=\"https:\/\/www.lurdesnarciso.com\/es\/producto\/mero-epinephelus-marginatus\/\" \/>\n<meta property=\"og:site_name\" content=\"Lurdes Narciso, LDA\" \/>\n<meta property=\"article:modified_time\" content=\"2022-10-20T11:31:35+00:00\" \/>\n<meta property=\"og:image\" content=\"https:\/\/www.lurdesnarciso.com\/wp-content\/uploads\/2021\/01\/mero.jpg\" \/>\n\t<meta property=\"og:image:width\" content=\"600\" \/>\n\t<meta property=\"og:image:height\" content=\"400\" \/>\n<meta name=\"twitter:card\" content=\"summary_large_image\" \/>\n<meta name=\"twitter:label1\" content=\"Escrito por\">\n\t<meta name=\"twitter:data1\" content=\"Lurdes Narciso\">\n\t<meta name=\"twitter:label2\" content=\"Tiempo de lectura\">\n\t<meta name=\"twitter:data2\" content=\"0 minutos\">\n<script type=\"application\/ld+json\" class=\"yoast-schema-graph\">{\"@context\":\"https:\/\/schema.org\",\"@graph\":[{\"@type\":\"WebSite\",\"@id\":\"https:\/\/www.lurdesnarciso.com\/fr\/#website\",\"url\":\"https:\/\/www.lurdesnarciso.com\/fr\/\",\"name\":\"Lurdes Narciso, LDA\",\"description\":\"Fish from Atlantic Ocean\",\"potentialAction\":[{\"@type\":\"SearchAction\",\"target\":\"https:\/\/www.lurdesnarciso.com\/fr\/?s={search_term_string}\",\"query-input\":\"required name=search_term_string\"}],\"inLanguage\":\"es\"},{\"@type\":\"ImageObject\",\"@id\":\"https:\/\/www.lurdesnarciso.com\/es\/producto\/mero-epinephelus-marginatus\/#primaryimage\",\"inLanguage\":\"es\",\"url\":\"https:\/\/www.lurdesnarciso.com\/wp-content\/uploads\/2021\/01\/mero-desenho.jpg\",\"width\":1200,\"height\":630},{\"@type\":\"WebPage\",\"@id\":\"https:\/\/www.lurdesnarciso.com\/es\/producto\/mero-epinephelus-marginatus\/#webpage\",\"url\":\"https:\/\/www.lurdesnarciso.com\/es\/producto\/mero-epinephelus-marginatus\/\",\"name\":\"MERO AMARILLO (Epinephelus marginatus) - Lurdes Narciso, LDA\",\"isPartOf\":{\"@id\":\"https:\/\/www.lurdesnarciso.com\/fr\/#website\"},\"primaryImageOfPage\":{\"@id\":\"https:\/\/www.lurdesnarciso.com\/es\/producto\/mero-epinephelus-marginatus\/#primaryimage\"},\"datePublished\":\"2021-01-21T11:35:07+00:00\",\"dateModified\":\"2022-10-20T11:31:35+00:00\",\"inLanguage\":\"es\",\"potentialAction\":[{\"@type\":\"ReadAction\",\"target\":[\"https:\/\/www.lurdesnarciso.com\/es\/producto\/mero-epinephelus-marginatus\/\"]}]}]}<\/script>\n<!-- \/ Yoast SEO plugin. -->","_links":{"self":[{"href":"https:\/\/www.lurdesnarciso.com\/es\/wp-json\/wp\/v2\/product\/2447"}],"collection":[{"href":"https:\/\/www.lurdesnarciso.com\/es\/wp-json\/wp\/v2\/product"}],"about":[{"href":"https:\/\/www.lurdesnarciso.com\/es\/wp-json\/wp\/v2\/types\/product"}],"wp:featuredmedia":[{"embeddable":true,"href":"https:\/\/www.lurdesnarciso.com\/es\/wp-json\/wp\/v2\/media\/4074"}],"wp:attachment":[{"href":"https:\/\/www.lurdesnarciso.com\/es\/wp-json\/wp\/v2\/media?parent=2447"}],"curies":[{"name":"wp","href":"https:\/\/api.w.org\/{rel}","templated":true}]}}

<p><strong>Arte de pesca principal:</strong> hilo de mano.</p>
<p><strong>Estado de conservación:</strong> si bien la captura de meros por pesca submarina está prohibida por la legislación regional desde 1983, el estado de conservación de la especie en la región suscita cierta preocupación.</p>
<p><strong>Ficha técnica: <a href="https://www.lurdesnarciso.com/wp-content/uploads/2021/01/Ficha-tecnica-Mero.pdf">Ficha técnica (Mero)</a></strong></p>

<p>Arte de pesca principal: hilo de mano. Estado de conservación: si bien la captura de meros por pesca submarina está prohibida por la legislación regional desde 1983, el estado de conservación de la especie en la región suscita cierta preocupación. Ficha técnica: Ficha técnica (Mero)</p>

<!-- This site is optimized with the Yoast SEO plugin v15.4 - https://yoast.com/wordpress/plugins/seo/ -->
<meta name="robots" content="index, follow, max-snippet:-1, max-image-preview:large, max-video-preview:-1" />
<link rel="canonical" href="https://www.lurdesnarciso.com/es/producto/mero-epinephelus-marginatus/" />
<meta property="og:locale" content="es_ES" />
<meta property="og:type" content="article" />
<meta property="og:title" content="MERO AMARILLO (Epinephelus marginatus) - Lurdes Narciso, LDA" />
<meta property="og:description" content="Arte de pesca principal: hilo de mano. Estado de conservación: si bien la captura de meros por pesca submarina está prohibida por la legislación regional desde 1983, el estado de conservación de la especie en la región suscita cierta preocupación. Ficha técnica: Ficha técnica (Mero)" />
<meta property="og:url" content="https://www.lurdesnarciso.com/es/producto/mero-epinephelus-marginatus/" />
<meta property="og:site_name" content="Lurdes Narciso, LDA" />
<meta property="article:modified_time" content="2022-10-20T11:31:35+00:00" />
<meta property="og:image" content="https://www.lurdesnarciso.com/wp-content/uploads/2021/01/mero.jpg" />
	<meta property="og:image:width" content="600" />
	<meta property="og:image:height" content="400" />
<meta name="twitter:card" content="summary_large_image" />
<meta name="twitter:label1" content="Escrito por">
	<meta name="twitter:data1" content="Lurdes Narciso">
	<meta name="twitter:label2" content="Tiempo de lectura">
	<meta name="twitter:data2" content="0 minutos">
<script type="application/ld+json" class="yoast-schema-graph">{"@context":"https://schema.org","@graph":[{"@type":"WebSite","@id":"https://www.lurdesnarciso.com/fr/#website","url":"https://www.lurdesnarciso.com/fr/","name":"Lurdes Narciso, LDA","description":"Fish from Atlantic Ocean","potentialAction":[{"@type":"SearchAction","target":"https://www.lurdesnarciso.com/fr/?s={search_term_string}","query-input":"required name=search_term_string"}],"inLanguage":"es"},{"@type":"ImageObject","@id":"https://www.lurdesnarciso.com/es/producto/mero-epinephelus-marginatus/#primaryimage","inLanguage":"es","url":"https://www.lurdesnarciso.com/wp-content/uploads/2021/01/mero-desenho.jpg","width":1200,"height":630},{"@type":"WebPage","@id":"https://www.lurdesnarciso.com/es/producto/mero-epinephelus-marginatus/#webpage","url":"https://www.lurdesnarciso.com/es/producto/mero-epinephelus-marginatus/","name":"MERO AMARILLO (Epinephelus marginatus) - Lurdes Narciso, LDA","isPartOf":{"@id":"https://www.lurdesnarciso.com/fr/#website"},"primaryImageOfPage":{"@id":"https://www.lurdesnarciso.com/es/producto/mero-epinephelus-marginatus/#primaryimage"},"datePublished":"2021-01-21T11:35:07+00:00","dateModified":"2022-10-20T11:31:35+00:00","inLanguage":"es","potentialAction":[{"@type":"ReadAction","target":["https://www.lurdesnarciso.com/es/producto/mero-epinephelus-marginatus/"]}]}]}</script>
<!-- / Yoast SEO plugin. -->
